{"id":3294,"date":"2024-05-22T18:50:14","date_gmt":"2024-05-22T16:50:14","guid":{"rendered":"http:\/\/localhost\/wordpress1\/?page_id=3294"},"modified":"2025-07-11T18:43:04","modified_gmt":"2025-07-11T16:43:04","slug":"clases-kinder-flamenco","status":"publish","type":"page","link":"https:\/\/centroflamenco.de\/es\/clases-kinder-flamenco\/","title":{"rendered":"clases kinder flamenco"},"content":{"rendered":"<div data-elementor-type=\"wp-page\" data-elementor-id=\"3294\" class=\"elementor elementor-3294\" data-elementor-post-type=\"page\">\n\t\t\t\t<div class=\"elementor-element elementor-element-6f8d5b44 e-con-full e-flex e-con e-parent\" data-id=\"6f8d5b44\" data-element_type=\"container\" data-e-type=\"container\" data-settings=\"{&quot;background_background&quot;:&quot;classic&quot;}\">\n\t\t<div class=\"elementor-element elementor-element-2a71479d e-con-full e-flex e-con e-child\" data-id=\"2a71479d\" data-element_type=\"container\" data-e-type=\"container\">\n\t\t<div class=\"elementor-element elementor-element-3b1e9541 e-con-full e-flex e-con e-child\" data-id=\"3b1e9541\" data-element_type=\"container\" data-e-type=\"container\">\n\t\t\t\t<div class=\"elementor-element elementor-element-50a2bb7a elementor-widget-mobile__width-initial elementor-widget elementor-widget-heading\" data-id=\"50a2bb7a\" data-element_type=\"widget\" data-e-type=\"widget\" data-widget_type=\"heading.default\">\n\t\t\t\t<div class=\"elementor-widget-container\">\n\t\t\t\t\t<h2 class=\"elementor-heading-title elementor-size-default\">Kinder Flamenco: el baile es pura alegr\u00eda de vivir<\/h2>\t\t\t\t<\/div>\n\t\t\t\t<\/div>\n\t\t\t\t<div class=\"elementor-element elementor-element-551c1efa elementor-widget elementor-widget-text-editor\" data-id=\"551c1efa\" data-element_type=\"widget\" data-e-type=\"widget\" data-widget_type=\"text-editor.default\">\n\t\t\t\t<div class=\"elementor-widget-container\">\n\t\t\t\t\t\t\t\t\t<p>El flamenco fomenta el desarrollo creativo, mental y f\u00edsico de los ni\u00f1@s.<\/p><p>La danza puede utilizarse para expresar una amplia gama de sentimientos, fomentar las habilidades de coordinaci\u00f3n y reforzar la conciencia corporal del ni\u00f1@ y su confianza en s\u00ed mismo.<\/p>\t\t\t\t\t\t\t\t<\/div>\n\t\t\t\t<\/div>\n\t\t\t\t<div class=\"elementor-element elementor-element-ecb2189 elementor-widget elementor-widget-text-editor\" data-id=\"ecb2189\" data-element_type=\"widget\" data-e-type=\"widget\" data-widget_type=\"text-editor.default\">\n\t\t\t\t<div class=\"elementor-widget-container\">\n\t\t\t\t\t\t\t\t\t<p><strong>Martes<\/strong><\/p><p>15:15 - 16:00 \/ 3 - 4 a\u00f1os<br \/>16:15 - 17:00 \/ 5 - 6 a\u00f1os<\/p><p><strong>Jueves<\/strong><\/p><p>16:15 - 17:00 \/ 7 - 10 a\u00f1os<\/p><h3><b>Fechas y precios de los cursos<\/b><\/h3><p>Cursos martes<\/p><p>9. September 2025 &#8211; 14. Oktober 2025 (6 Termine &#8211; 55\u20ac)<br \/>4. November 2025 &#8211; 16. Dezember 2025 (7 Termine &#8211; 65\u20ac)<br \/>6. Januar 2026 &#8211; 27. Januar 2026 (4 Termine &#8211; 40\u20ac)<br \/>10. Februar 2026 &#8211; 24. M\u00e4rz 2026 (7 Termine &#8211; 65\u20ac)<br \/>14. April 2026 &#8211; 7. Juli 2026 (13 Termine &#8211; 120\u20ac)<\/p><p><br \/>Cursos Jueves<\/p><p>11. September 2025 &#8211; 16. Oktober 2025 (6 Termine &#8211; 55\u20ac)<br \/>6. November 2025 &#8211; 18. Dezember 2025 (7 Termine &#8211; 65\u20ac)<br \/>8. Januar 2026 &#8211; 29. Januar 2026 (4 Termine &#8211; 40\u20ac)<br \/>12. Februar 2026 &#8211; 26. M\u00e4rz 2026 (7 Termine &#8211; 65\u20ac)<br \/>16. April 2026 &#8211; 2. Juli 2026 (11 Termine &#8211; 99\u20ac \/ gesetzlicher Feiertag\u00a0am\u00a014.5.)<\/p>\t\t\t\t\t\t\t\t<\/div>\n\t\t\t\t<\/div>\n\t\t\t\t<div class=\"elementor-element elementor-element-c4e6ad8 elementor-widget elementor-widget-text-editor\" data-id=\"c4e6ad8\" data-element_type=\"widget\" data-e-type=\"widget\" data-widget_type=\"text-editor.default\">\n\t\t\t\t<div class=\"elementor-widget-container\">\n\t\t\t\t\t\t\t\t\t<p>\u00a0 Los cursos tienen lugar entre las vacaciones escolares de Berl\u00edn.<\/p><p>Las inscripciones deben enviarse a: contact@centroflamenco.de<\/p>\t\t\t\t\t\t\t\t<\/div>\n\t\t\t\t<\/div>\n\t\t\t\t<div class=\"elementor-element elementor-element-69f51336 elementor-align-center elementor-invisible elementor-widget elementor-widget-button\" data-id=\"69f51336\" data-element_type=\"widget\" data-e-type=\"widget\" data-settings=\"{&quot;_animation&quot;:&quot;fadeInRight&quot;}\" data-widget_type=\"button.default\">\n\t\t\t\t<div class=\"elementor-widget-container\">\n\t\t\t\t\t\t\t\t\t<div class=\"elementor-button-wrapper\">\n\t\t\t\t\t<a class=\"elementor-button elementor-button-link elementor-size-md elementor-animation-grow\" href=\"https:\/\/centroflamenco.de\/es\/kurse-und-preise\/\">\n\t\t\t\t\t\t<span class=\"elementor-button-content-wrapper\">\n\t\t\t\t\t\t\t\t\t<span class=\"elementor-button-text\">Studenplan und Preise<\/span>\n\t\t\t\t\t<\/span>\n\t\t\t\t\t<\/a>\n\t\t\t\t<\/div>\n\t\t\t\t\t\t\t\t<\/div>\n\t\t\t\t<\/div>\n\t\t\t\t<\/div>\n\t\t<div class=\"elementor-element elementor-element-1a9fdefa e-con-full e-flex e-con e-child\" data-id=\"1a9fdefa\" data-element_type=\"container\" data-e-type=\"container\">\n\t\t<div class=\"elementor-element elementor-element-76ea7904 e-con-full e-flex e-con e-child\" data-id=\"76ea7904\" data-element_type=\"container\" data-e-type=\"container\" data-settings=\"{&quot;background_background&quot;:&quot;classic&quot;}\">\n\t\t\t\t<\/div>\n\t\t\t\t<\/div>\n\t\t\t\t<\/div>\n\t\t\t\t<\/div>\n\t\t\t\t<\/div>","protected":false},"excerpt":{"rendered":"<p>Kinder Flamenco: Tanzen ist pure Lebensfreude Flamenco fordert die kreative geistige und k\u00f6rperliche Entwicklung der Kinder. Im Tanz k\u00f6nnen die verschiedensten Gef\u00fchle ausgedr\u00fcckt werden, die Koordinationsf\u00e4higkeit wird gef\u00f6rdert, das K\u00f6rperbewusstsein und Selbstvertrauen des Kindes gest\u00e4rkt. Dienstags 15:15 &#8211; 16:00 Uhr \/ 3 &#8211; 4 Jahre16:15 &#8211; 17:00 Uhr \/ 5 &#8211; 6 Jahre Donnerstags 16:15 [&hellip;]<\/p>\n","protected":false},"author":1,"featured_media":0,"parent":0,"menu_order":0,"comment_status":"closed","ping_status":"closed","template":"","meta":{"footnotes":""},"class_list":["post-3294","page","type-page","status-publish","hentry"],"_links":{"self":[{"href":"https:\/\/centroflamenco.de\/es\/wp-json\/wp\/v2\/pages\/3294","targetHints":{"allow":["GET"]}}],"collection":[{"href":"https:\/\/centroflamenco.de\/es\/wp-json\/wp\/v2\/pages"}],"about":[{"href":"https:\/\/centroflamenco.de\/es\/wp-json\/wp\/v2\/types\/page"}],"author":[{"embeddable":true,"href":"https:\/\/centroflamenco.de\/es\/wp-json\/wp\/v2\/users\/1"}],"replies":[{"embeddable":true,"href":"https:\/\/centroflamenco.de\/es\/wp-json\/wp\/v2\/comments?post=3294"}],"version-history":[{"count":94,"href":"https:\/\/centroflamenco.de\/es\/wp-json\/wp\/v2\/pages\/3294\/revisions"}],"predecessor-version":[{"id":8073,"href":"https:\/\/centroflamenco.de\/es\/wp-json\/wp\/v2\/pages\/3294\/revisions\/8073"}],"wp:attachment":[{"href":"https:\/\/centroflamenco.de\/es\/wp-json\/wp\/v2\/media?parent=3294"}],"curies":[{"name":"wp","href":"https:\/\/api.w.org\/{rel}","templated":true}]}}

<div data-elementor-type="wp-page" data-elementor-id="3294" class="elementor elementor-3294" data-elementor-post-type="page">
				<div class="elementor-element elementor-element-6f8d5b44 e-con-full e-flex e-con e-parent" data-id="6f8d5b44" data-element_type="container" data-e-type="container" data-settings="{&quot;background_background&quot;:&quot;classic&quot;}">
		<div class="elementor-element elementor-element-2a71479d e-con-full e-flex e-con e-child" data-id="2a71479d" data-element_type="container" data-e-type="container">
		<div class="elementor-element elementor-element-3b1e9541 e-con-full e-flex e-con e-child" data-id="3b1e9541" data-element_type="container" data-e-type="container">
				<div class="elementor-element elementor-element-50a2bb7a elementor-widget-mobile__width-initial elementor-widget elementor-widget-heading" data-id="50a2bb7a" data-element_type="widget" data-e-type="widget" data-widget_type="heading.default">
				<div class="elementor-widget-container">
					<h2 class="elementor-heading-title elementor-size-default">Kinder Flamenco: el baile es pura alegría de vivir</h2>				</div>
				</div>
				<div class="elementor-element elementor-element-551c1efa elementor-widget elementor-widget-text-editor" data-id="551c1efa" data-element_type="widget" data-e-type="widget" data-widget_type="text-editor.default">
				<div class="elementor-widget-container">
									<p>El flamenco fomenta el desarrollo creativo, mental y físico de los niñ@s.</p><p>La danza puede utilizarse para expresar una amplia gama de sentimientos, fomentar las habilidades de coordinación y reforzar la conciencia corporal del niñ@ y su confianza en sí mismo.</p>								</div>
				</div>
				<div class="elementor-element elementor-element-ecb2189 elementor-widget elementor-widget-text-editor" data-id="ecb2189" data-element_type="widget" data-e-type="widget" data-widget_type="text-editor.default">
				<div class="elementor-widget-container">
									<p><strong>Martes</strong></p><p>15:15 - 16:00 / 3 - 4 años<br />16:15 - 17:00 / 5 - 6 años</p><p><strong>Jueves</strong></p><p>16:15 - 17:00 / 7 - 10 años</p><h3><b>Fechas y precios de los cursos</b></h3><p>Cursos martes</p><p>9. September 2025 &#8211; 14. Oktober 2025 (6 Termine &#8211; 55€)<br />4. November 2025 &#8211; 16. Dezember 2025 (7 Termine &#8211; 65€)<br />6. Januar 2026 &#8211; 27. Januar 2026 (4 Termine &#8211; 40€)<br />10. Februar 2026 &#8211; 24. März 2026 (7 Termine &#8211; 65€)<br />14. April 2026 &#8211; 7. Juli 2026 (13 Termine &#8211; 120€)</p><p><br />Cursos Jueves</p><p>11. September 2025 &#8211; 16. Oktober 2025 (6 Termine &#8211; 55€)<br />6. November 2025 &#8211; 18. Dezember 2025 (7 Termine &#8211; 65€)<br />8. Januar 2026 &#8211; 29. Januar 2026 (4 Termine &#8211; 40€)<br />12. Februar 2026 &#8211; 26. März 2026 (7 Termine &#8211; 65€)<br />16. April 2026 &#8211; 2. Juli 2026 (11 Termine &#8211; 99€ / gesetzlicher Feiertag am 14.5.)</p>								</div>
				</div>
				<div class="elementor-element elementor-element-c4e6ad8 elementor-widget elementor-widget-text-editor" data-id="c4e6ad8" data-element_type="widget" data-e-type="widget" data-widget_type="text-editor.default">
				<div class="elementor-widget-container">
									<p>  Los cursos tienen lugar entre las vacaciones escolares de Berlín.</p><p>Las inscripciones deben enviarse a: contact@centroflamenco.de</p>								</div>
				</div>
				<div class="elementor-element elementor-element-69f51336 elementor-align-center elementor-invisible elementor-widget elementor-widget-button" data-id="69f51336" data-element_type="widget" data-e-type="widget" data-settings="{&quot;_animation&quot;:&quot;fadeInRight&quot;}" data-widget_type="button.default">
				<div class="elementor-widget-container">
									<div class="elementor-button-wrapper">
					<a class="elementor-button elementor-button-link elementor-size-md elementor-animation-grow" href="https://centroflamenco.de/es/kurse-und-preise/">
						<span class="elementor-button-content-wrapper">
									<span class="elementor-button-text">Studenplan und Preise</span>
					</span>
					</a>
				</div>
								</div>
				</div>
				</div>
		<div class="elementor-element elementor-element-1a9fdefa e-con-full e-flex e-con e-child" data-id="1a9fdefa" data-element_type="container" data-e-type="container">
		<div class="elementor-element elementor-element-76ea7904 e-con-full e-flex e-con e-child" data-id="76ea7904" data-element_type="container" data-e-type="container" data-settings="{&quot;background_background&quot;:&quot;classic&quot;}">
				</div>
				</div>
				</div>
				</div>
				</div>

<p>Kinder Flamenco: Tanzen ist pure Lebensfreude Flamenco fordert die kreative geistige und körperliche Entwicklung der Kinder. Im Tanz können die verschiedensten Gefühle ausgedrückt werden, die Koordinationsfähigkeit wird gefördert, das Körperbewusstsein und Selbstvertrauen des Kindes gestärkt. Dienstags 15:15 &#8211; 16:00 Uhr / 3 &#8211; 4 Jahre16:15 &#8211; 17:00 Uhr / 5 &#8211; 6 Jahre Donnerstags 16:15 [&hellip;]</p>
